{"id":60016,"date":"2021-12-07T10:01:21","date_gmt":"2021-12-07T08:01:21","guid":{"rendered":"https:\/\/www.michaud-export.com\/group?post_type=product&#038;p=60016"},"modified":"2021-12-07T10:14:41","modified_gmt":"2021-12-07T08:14:41","slug":"cosse-nue","status":"publish","type":"product","link":"https:\/\/www.michaud-export.com\/group\/produit\/cosse-nue","title":{"rendered":"Cosse nue"},"content":{"rendered":"","protected":false},"excerpt":{"rendered":"<p>La cosse tubulaire est en cuivre \u00e9tam\u00e9 (par \u00e9lectrolyse). Elle est fabriqu\u00e9e avec un trou d&rsquo;inspection et tulipage. Cette cosse se met en oeuvre par retreint hexagonal. Elle accepte du cuivre et de l&rsquo;aluminium. Elle r\u00e9pond aux crit\u00e8res de la norme NFC 20-130. <\/p>\n<p>La cosse pour borne cuivre soud\u00e9e par friction s&rsquo;utilise pour le raccordement de conducteurs nus en aluminium sur des bornes d&rsquo;appareillage en cuivre. Elle est utilis\u00e9e pour des applications industrielles ou en int\u00e9rieur.<br \/>\nCette cosse se met en oeuvre par retreint hexagonal et hors traction. Cette cosse r\u00e9pond aux crit\u00e8res de la norme NF C 63-061. <\/p>\n<p>La cosse bim\u00e9tallique Al\/Cu est utilis\u00e9e pour le raccordement de conducteurs nus en aluminium sur des bornes d&rsquo;appareillage en cuivre.<br \/>\nElle se met en oeuvre gr\u00e2ce aux matrices de poin\u00e7onnage profond. [fusion_builder_container type=\"flex\" hundred_percent=\"no\" hundred_percent_height=\"no\" hundred_percent_height_scroll=\"no\" align_content=\"stretch\" flex_align_items=\"flex-start\" flex_justify_content=\"flex-start\" hundred_percent_height_center_content=\"yes\" equal_height_columns=\"no\" container_tag=\"div\" hide_on_mobile=\"small-visibility,medium-visibility,large-visibility\" status=\"published\" spacing_medium=\"\" spacing_small=\"\" padding_dimensions_medium=\"\" padding_dimensions_small=\"\" border_sizes=\"\" border_style=\"solid\" box_shadow=\"no\" box_shadow_blur=\"0\" box_shadow_spread=\"0\" gradient_start_color=\"\" gradient_end_color=\"\" gradient_start_position=\"0\" gradient_end_position=\"100\" gradient_type=\"linear\" radial_direction=\"center center\" linear_angle=\"180\" background_position=\"center center\" background_repeat=\"no-repeat\" fade=\"no\" background_parallax=\"none\" enable_mobile=\"no\" parallax_speed=\"0.3\" background_blend_mode=\"none\" video_aspect_ratio=\"16:9\" video_loop=\"yes\" video_mute=\"yes\" render_logics=\"\" absolute=\"off\" absolute_devices=\"small,medium,large\" sticky=\"off\" sticky_devices=\"small-visibility,medium-visibility,large-visibility\" sticky_transition_offset=\"0\" scroll_offset=\"0\" animation_direction=\"left\" animation_speed=\"0.3\" filter_hue=\"0\" filter_saturation=\"100\" filter_brightness=\"100\" filter_contrast=\"100\" filter_invert=\"0\" filter_sepia=\"0\" filter_opacity=\"100\" filter_blur=\"0\" filter_hue_hover=\"0\" filter_saturation_hover=\"100\" filter_brightness_hover=\"100\" filter_contrast_hover=\"100\" filter_invert_hover=\"0\" filter_sepia_hover=\"0\" filter_opacity_hover=\"100\" filter_blur_hover=\"0\"][fusion_builder_row][fusion_builder_column type=\"1_1\" layout=\"1_3\" align_self=\"auto\" content_layout=\"column\" align_content=\"flex-start\" valign_content=\"flex-start\" content_wrap=\"wrap\" spacing=\"\" center_content=\"no\" link=\"\" target=\"_self\" min_height=\"\" hide_on_mobile=\"small-visibility,medium-visibility,large-visibility\" sticky_display=\"normal,sticky\" class=\"\" id=\"\" type_medium=\"\" type_small=\"\" order_medium=\"0\" order_small=\"0\" dimension_spacing_medium=\"\" dimension_spacing_small=\"\" dimension_spacing=\"\" dimension_margin_medium=\"\" dimension_margin_small=\"\" margin_top=\"\" margin_bottom=\"\" padding_medium=\"\" padding_small=\"\" padding_top=\"\" padding_right=\"\" padding_bottom=\"\" padding_left=\"\" hover_type=\"none\" border_sizes=\"\" border_color=\"\" border_style=\"solid\" border_radius=\"\" box_shadow=\"no\" dimension_box_shadow=\"\" box_shadow_blur=\"0\" box_shadow_spread=\"0\" box_shadow_color=\"\" box_shadow_style=\"\" background_type=\"single\" gradient_start_color=\"\" gradient_end_color=\"\" gradient_start_position=\"0\" gradient_end_position=\"100\" gradient_type=\"linear\" radial_direction=\"center center\" linear_angle=\"180\" background_color=\"\" background_image=\"\" background_image_id=\"\" background_position=\"left top\" background_repeat=\"no-repeat\" background_blend_mode=\"none\" render_logics=\"\" filter_type=\"regular\" filter_hue=\"0\" filter_saturation=\"100\" filter_brightness=\"100\" filter_contrast=\"100\" filter_invert=\"0\" filter_sepia=\"0\" filter_opacity=\"100\" filter_blur=\"0\" filter_hue_hover=\"0\" filter_saturation_hover=\"100\" filter_brightness_hover=\"100\" filter_contrast_hover=\"100\" filter_invert_hover=\"0\" filter_sepia_hover=\"0\" filter_opacity_hover=\"100\" filter_blur_hover=\"0\" animation_type=\"\" animation_direction=\"left\" animation_speed=\"0.3\" animation_offset=\"\" last=\"true\" border_position=\"all\" first=\"false\"][fusion_button link=\"https:\/\/www.michaud-export.com\/group\/1 - CATALOGUES\/BT\/1-FR\/1-AERIEN\/5-Terminaison BT\/Cosse_nue.pdf\" text_transform=\"\" title=\"\" target=\"_blank\" link_attributes=\"\" alignment_medium=\"\" alignment_small=\"\" alignment=\"left\" modal=\"\" hide_on_mobile=\"small-visibility,medium-visibility,large-visibility\" sticky_display=\"normal,sticky\" class=\"\" id=\"\" color=\"custom\" button_gradient_top_color=\"#eb690b\" button_gradient_bottom_color=\"eb690b\" button_gradient_top_color_hover=\"\" button_gradient_bottom_color_hover=\"\" accent_color=\"\" accent_hover_color=\"\" type=\"\" bevel_color=\"\" border_width=\"\" border_radius=\"\" border_color=\"\" border_hover_color=\"\" size=\"\" stretch=\"default\" margin_top=\"\" margin_right=\"\" margin_bottom=\"\" margin_left=\"\" icon=\"fa-arrow-circle-down fas\" icon_position=\"left\" icon_divider=\"no\" animation_type=\"\" animation_direction=\"left\" animation_speed=\"0.3\" animation_offset=\"\"]Visualiser la fiche technique[\/fusion_button][\/fusion_builder_column][\/fusion_builder_row][\/fusion_builder_container]<\/p>\n","protected":false},"featured_media":104247,"comment_status":"closed","ping_status":"open","template":"","meta":[],"product_brand":[],"product_cat":[1159,1158,1161],"product_tag":[],"class_list":{"0":"post-60016","1":"product","2":"type-product","3":"status-publish","4":"has-post-thumbnail","6":"product_cat-aerien-produit","7":"product_cat-produit","8":"product_cat-terminaison-bt-aerien-produit","9":"pa_votre-choix-cosse-bimetal-cal-120-mm-diam-13-c2au120-u553_120-13","10":"pa_votre-choix-cosse-bimetal-cal-150-mm-diam-13-c2au150-u553_150-13","11":"pa_votre-choix-cosse-bimetal-cal-16-mm-diam-10-c0au16-u553_16-10","12":"pa_votre-choix-cosse-bimetal-cal-185-mm-diam-13-c4au185-u553_185-13","13":"pa_votre-choix-cosse-bimetal-cal-240-mm-diam-13-c4au240-u553_240-13","14":"pa_votre-choix-cosse-bimetal-cal-25-mm-diam-10-c0au25-u553_25-10","15":"pa_votre-choix-cosse-bimetal-cal-300-mm-diam-17-c5au300-u553_300-17","16":"pa_votre-choix-cosse-bimetal-cal-35-mm-diam-13-c0au35-u553_35-13","17":"pa_votre-choix-cosse-bimetal-cal-400-mm-diam-17-c5au400-u553_400-17","18":"pa_votre-choix-cosse-bimetal-cal-50-mm-diam-13-c1au50-u553_50-13","19":"pa_votre-choix-cosse-bimetal-cal-70-mm-diam-13-c1au70-u553_70-13","20":"pa_votre-choix-cosse-bimetal-cal-95-mm-diam-13-c1au95-u553_95-13","21":"pa_votre-choix-cosse-soudee-bimetal-nue-150mm-f154","22":"pa_votre-choix-cosse-soudee-bimetal-nue-240mm-f155","23":"pa_votre-choix-cosse-soudee-bimetal-nue-35mm-f150","24":"pa_votre-choix-cosse-soudee-bimetal-nue-50mm-f151","25":"pa_votre-choix-cosse-soudee-bimetal-nue-70mm-f153","26":"pa_votre-choix-cosse-soudee-bimetal-nue-95mm-f156","27":"pa_votre-choix-cosse-tubulaire-10-6-u744-6","28":"pa_votre-choix-cosse-tubulaire-120-12-u751-12","29":"pa_votre-choix-cosse-tubulaire-150-12-u752-12","30":"pa_votre-choix-cosse-tubulaire-150-14-u752-14","31":"pa_votre-choix-cosse-tubulaire-16-6-u745-6","32":"pa_votre-choix-cosse-tubulaire-240-10-u754-10","33":"pa_votre-choix-cosse-tubulaire-240-12-u754-12","34":"pa_votre-choix-cosse-tubulaire-240-14-u754-14","35":"pa_votre-choix-cosse-tubulaire-25-10-u746-10","36":"pa_votre-choix-cosse-tubulaire-300-12-u755-12","37":"pa_votre-choix-cosse-tubulaire-300-16-u755-16","38":"pa_votre-choix-cosse-tubulaire-35-10-u747-10","39":"pa_votre-choix-cosse-tubulaire-35-12-u747-12","40":"pa_votre-choix-cosse-tubulaire-35-8-u747-8","41":"pa_votre-choix-cosse-tubulaire-50-10-u748-10","42":"pa_votre-choix-cosse-tubulaire-50-12-u748-12","43":"pa_votre-choix-cosse-tubulaire-50-8-u748-8","44":"pa_votre-choix-cosse-tubulaire-70-10-u749-10","45":"pa_votre-choix-cosse-tubulaire-70-12-u749-12","46":"pa_votre-choix-cosse-tubulaire-70-8-u749-8","47":"pa_votre-choix-cosse-tubulaire-95-10-u750-10","48":"pa_votre-choix-cosse-tubulaire-95-12-u750-12","49":"pa_votre-choix-cosse-tubulaire-95-8-u750-8","51":"first","52":"instock","53":"purchasable","54":"product-type-variable"},"aioseo_notices":[],"_links":{"self":[{"href":"https:\/\/www.michaud-export.com\/group\/wp-json\/wp\/v2\/product\/60016","targetHints":{"allow":["GET"]}}],"collection":[{"href":"https:\/\/www.michaud-export.com\/group\/wp-json\/wp\/v2\/product"}],"about":[{"href":"https:\/\/www.michaud-export.com\/group\/wp-json\/wp\/v2\/types\/product"}],"replies":[{"embeddable":true,"href":"https:\/\/www.michaud-export.com\/group\/wp-json\/wp\/v2\/comments?post=60016"}],"wp:featuredmedia":[{"embeddable":true,"href":"https:\/\/www.michaud-export.com\/group\/wp-json\/wp\/v2\/media\/104247"}],"wp:attachment":[{"href":"https:\/\/www.michaud-export.com\/group\/wp-json\/wp\/v2\/media?parent=60016"}],"wp:term":[{"taxonomy":"product_brand","embeddable":true,"href":"https:\/\/www.michaud-export.com\/group\/wp-json\/wp\/v2\/product_brand?post=60016"},{"taxonomy":"product_cat","embeddable":true,"href":"https:\/\/www.michaud-export.com\/group\/wp-json\/wp\/v2\/product_cat?post=60016"},{"taxonomy":"product_tag","embeddable":true,"href":"https:\/\/www.michaud-export.com\/group\/wp-json\/wp\/v2\/product_tag?post=60016"}],"curies":[{"name":"wp","href":"https:\/\/api.w.org\/{rel}","templated":true}]}}