{"id":119103,"date":"2022-05-05T10:53:32","date_gmt":"2022-05-05T08:53:32","guid":{"rendered":"https:\/\/www.michaud-export.com\/group\/produit\/tirage-et-deroulage-de-ligne-bt-2"},"modified":"2022-05-05T11:19:27","modified_gmt":"2022-05-05T09:19:27","slug":"tirage-et-deroulage-de-ligne-bt-2","status":"publish","type":"product","link":"https:\/\/www.michaud-export.com\/group\/produit\/tirage-et-deroulage-de-ligne-bt-2","title":{"rendered":"Tirage et d\u00e9roulage de ligne BT"},"content":{"rendered":"","protected":false},"excerpt":{"rendered":"<p>La poulie s\u2019utilise pour d\u00e9rouler les conducteurs isol\u00e9s torsad\u00e9s basse tension. <\/p>\n<p>Le treuil m\u00e9canique est utilis\u00e9 pour tirer des conducteurs d\u2019une ligne \u00e9lectrique basse tension. L\u00e9ger et peu encombrant, il permet tous les r\u00e9glages de c\u00e2bles, en particulier en haut des appuis. Il peut aussi servir pour le levage des charges, l\u2019arrimage des poteaux et autres applications. <\/p>\n<p>Le serre-c\u00e2ble de tirage s\u2019utilise pour tirer, retenir et tendre des conducteurs nus ou isol\u00e9s d\u2019une ligne \u00e9lectrique.<br \/>\nTrois mod\u00e8les sont disponibles en fonction du type de conducteurs \u00e0 mettre en \u0153uvre :<br \/>\n&#8211; C\u00e2ble aluminium ou acier nu,<br \/>\n&#8211; C\u00e2ble torsad\u00e9 avec neutre porteur,<br \/>\n&#8211; C\u00e2ble torsad\u00e9 de type autoport\u00e9 <\/p>\n<p>Le tire-vite permet de tirer des conducteurs d&rsquo;une ligne \u00e9lectrique basse tension manuellement. Les grimpettes permettent l&rsquo;ascension de poteaux et facilient le travail en hauteur. Vendues par paire. [fusion_builder_container type=\"flex\" hundred_percent=\"no\" hundred_percent_height=\"no\" hundred_percent_height_scroll=\"no\" align_content=\"stretch\" flex_align_items=\"flex-start\" flex_justify_content=\"flex-start\" hundred_percent_height_center_content=\"yes\" equal_height_columns=\"no\" container_tag=\"div\" hide_on_mobile=\"small-visibility,medium-visibility,large-visibility\" status=\"published\" spacing_medium=\"\" spacing_small=\"\" padding_dimensions_medium=\"\" padding_dimensions_small=\"\" border_sizes=\"\" border_style=\"solid\" box_shadow=\"no\" box_shadow_blur=\"0\" box_shadow_spread=\"0\" gradient_start_color=\"\" gradient_end_color=\"\" gradient_start_position=\"0\" gradient_end_position=\"100\" gradient_type=\"linear\" radial_direction=\"center center\" linear_angle=\"180\" background_position=\"center center\" background_repeat=\"no-repeat\" fade=\"no\" background_parallax=\"none\" enable_mobile=\"no\" parallax_speed=\"0.3\" background_blend_mode=\"none\" video_aspect_ratio=\"16:9\" video_loop=\"yes\" video_mute=\"yes\" render_logics=\"\" absolute=\"off\" absolute_devices=\"small,medium,large\" sticky=\"off\" sticky_devices=\"small-visibility,medium-visibility,large-visibility\" sticky_transition_offset=\"0\" scroll_offset=\"0\" animation_direction=\"left\" animation_speed=\"0.3\" filter_hue=\"0\" filter_saturation=\"100\" filter_brightness=\"100\" filter_contrast=\"100\" filter_invert=\"0\" filter_sepia=\"0\" filter_opacity=\"100\" filter_blur=\"0\" filter_hue_hover=\"0\" filter_saturation_hover=\"100\" filter_brightness_hover=\"100\" filter_contrast_hover=\"100\" filter_invert_hover=\"0\" filter_sepia_hover=\"0\" filter_opacity_hover=\"100\" filter_blur_hover=\"0\"][fusion_builder_row][fusion_builder_column type=\"1_1\" layout=\"1_3\" align_self=\"auto\" content_layout=\"column\" align_content=\"flex-start\" valign_content=\"flex-start\" content_wrap=\"wrap\" spacing=\"\" center_content=\"no\" link=\"\" target=\"_self\" min_height=\"\" hide_on_mobile=\"small-visibility,medium-visibility,large-visibility\" sticky_display=\"normal,sticky\" class=\"\" id=\"\" type_medium=\"\" type_small=\"\" order_medium=\"0\" order_small=\"0\" dimension_spacing_medium=\"\" dimension_spacing_small=\"\" dimension_spacing=\"\" dimension_margin_medium=\"\" dimension_margin_small=\"\" margin_top=\"\" margin_bottom=\"\" padding_medium=\"\" padding_small=\"\" padding_top=\"\" padding_right=\"\" padding_bottom=\"\" padding_left=\"\" hover_type=\"none\" border_sizes=\"\" border_color=\"\" border_style=\"solid\" border_radius=\"\" box_shadow=\"no\" dimension_box_shadow=\"\" box_shadow_blur=\"0\" box_shadow_spread=\"0\" box_shadow_color=\"\" box_shadow_style=\"\" background_type=\"single\" gradient_start_color=\"\" gradient_end_color=\"\" gradient_start_position=\"0\" gradient_end_position=\"100\" gradient_type=\"linear\" radial_direction=\"center center\" linear_angle=\"180\" background_color=\"\" background_image=\"\" background_image_id=\"\" background_position=\"left top\" background_repeat=\"no-repeat\" background_blend_mode=\"none\" render_logics=\"\" filter_type=\"regular\" filter_hue=\"0\" filter_saturation=\"100\" filter_brightness=\"100\" filter_contrast=\"100\" filter_invert=\"0\" filter_sepia=\"0\" filter_opacity=\"100\" filter_blur=\"0\" filter_hue_hover=\"0\" filter_saturation_hover=\"100\" filter_brightness_hover=\"100\" filter_contrast_hover=\"100\" filter_invert_hover=\"0\" filter_sepia_hover=\"0\" filter_opacity_hover=\"100\" filter_blur_hover=\"0\" animation_type=\"\" animation_direction=\"left\" animation_speed=\"0.3\" animation_offset=\"\" last=\"true\" border_position=\"all\" first=\"false\"][fusion_button link=\"https:\/\/www.michaud-export.com\/group\/1 - CATALOGUES\/BT\/1-FR\/6-INSTALLATION\/2-Outillages\/Tirage_et_deroulage_de_ligne_BT.pdf\" text_transform=\"\" title=\"\" target=\"_blank\" link_attributes=\"\" alignment_medium=\"\" alignment_small=\"\" alignment=\"left\" modal=\"\" hide_on_mobile=\"small-visibility,medium-visibility,large-visibility\" sticky_display=\"normal,sticky\" class=\"\" id=\"\" color=\"custom\" button_gradient_top_color=\"#eb690b\" button_gradient_bottom_color=\"eb690b\" button_gradient_top_color_hover=\"\" button_gradient_bottom_color_hover=\"\" accent_color=\"\" accent_hover_color=\"\" type=\"\" bevel_color=\"\" border_width=\"\" border_radius=\"\" border_color=\"\" border_hover_color=\"\" size=\"\" stretch=\"default\" margin_top=\"\" margin_right=\"\" margin_bottom=\"\" margin_left=\"\" icon=\"fa-arrow-circle-down fas\" icon_position=\"left\" icon_divider=\"no\" animation_type=\"\" animation_direction=\"left\" animation_speed=\"0.3\" animation_offset=\"\"]Visualiser la fiche technique[\/fusion_button][\/fusion_builder_column][\/fusion_builder_row][\/fusion_builder_container]<\/p>\n","protected":false},"featured_media":119105,"comment_status":"closed","ping_status":"open","template":"","meta":[],"product_brand":[],"product_cat":[1166,1167,1158],"product_tag":[],"class_list":{"0":"post-119103","1":"product","2":"type-product","3":"status-publish","4":"has-post-thumbnail","6":"product_cat-installation-produit","7":"product_cat-outillages-installation-produit","8":"product_cat-produit","9":"pa_votre-choix-grenouille-conducteur-isole-6-14mm-f258","10":"pa_votre-choix-grenouille-conducteur-isole-torsade-autoportee-4x95-150mm-f269","11":"pa_votre-choix-grenouille-conducteur-nu-4-12mm-f257","12":"pa_votre-choix-grimpettes-pour-poteau-beton-f495","13":"pa_votre-choix-grimpettes-pour-poteau-bois-6-pointes-diam-20cm-f448-20","14":"pa_votre-choix-grimpettes-pour-poteau-bois-6-pointes-diam-25cm-f448-25","15":"pa_votre-choix-grimpettes-pour-poteau-bois-6-pointes-diam-30cm-f448-30","16":"pa_votre-choix-grimpettes-pour-poteau-bois-6-pointes-diam-35cm-f448-35","17":"pa_votre-choix-grimpettes-pour-poutrelle-f496","18":"pa_votre-choix-poulie-de-deroulage-pour-torsade-avec-crochet-f241","19":"pa_votre-choix-poulie-de-deroulage-pour-torsade-avec-sangle-f240","20":"pa_votre-choix-tire-vite-400-kg-u353","21":"pa_votre-choix-tire-vite-600-kg-u351","22":"pa_votre-choix-tire-vite-800-kg-u352","23":"pa_votre-choix-treuil-mecanique-1000-dan-u355","24":"pa_votre-choix-treuil-mecanique-500-dan-u354","26":"first","27":"instock","28":"purchasable","29":"product-type-variable"},"aioseo_notices":[],"_links":{"self":[{"href":"https:\/\/www.michaud-export.com\/group\/wp-json\/wp\/v2\/product\/119103","targetHints":{"allow":["GET"]}}],"collection":[{"href":"https:\/\/www.michaud-export.com\/group\/wp-json\/wp\/v2\/product"}],"about":[{"href":"https:\/\/www.michaud-export.com\/group\/wp-json\/wp\/v2\/types\/product"}],"replies":[{"embeddable":true,"href":"https:\/\/www.michaud-export.com\/group\/wp-json\/wp\/v2\/comments?post=119103"}],"wp:featuredmedia":[{"embeddable":true,"href":"https:\/\/www.michaud-export.com\/group\/wp-json\/wp\/v2\/media\/119105"}],"wp:attachment":[{"href":"https:\/\/www.michaud-export.com\/group\/wp-json\/wp\/v2\/media?parent=119103"}],"wp:term":[{"taxonomy":"product_brand","embeddable":true,"href":"https:\/\/www.michaud-export.com\/group\/wp-json\/wp\/v2\/product_brand?post=119103"},{"taxonomy":"product_cat","embeddable":true,"href":"https:\/\/www.michaud-export.com\/group\/wp-json\/wp\/v2\/product_cat?post=119103"},{"taxonomy":"product_tag","embeddable":true,"href":"https:\/\/www.michaud-export.com\/group\/wp-json\/wp\/v2\/product_tag?post=119103"}],"curies":[{"name":"wp","href":"https:\/\/api.w.org\/{rel}","templated":true}]}}